
Is 2*(-5)/((-50)/38555) composite?
True
Suppose -2*o = -3*d + 2*d - 3, -5*d = 5*o + 15. Suppose j - 4*h - 75 = o, -5*j + 455 - 114 = -3*h. Is j a prime number?
True
Suppose -299*a = -306*a + 11627. Is a composite?
True
Suppose 166*r + 30309 = 167*r. Is r composite?
True
Suppose 6*m + 4 = -8. Is m*463/4*-2 composite?
False
Suppose 5*p = 2*o - 28948, 12*o - 10*o - 28960 = -p. Is o a prime number?
True
Let g be 13/(26/2772) + 2. Suppose 365 = -3*t + g. Is t composite?
True
Suppose 49 = -w - 19. Let m = -239 - -256. Is 1594/8 + m/w composite?
False
Suppose y - 24484 = -3*y. Is y composite?
False
Suppose 3*o = -2*a + 38, 4*o - 30 - 22 = -3*a. Let y(l) = 71*l - 1. Is y(o) prime?
True
Suppose 0 = -120*g + 124*g - 764. Is g prime?
True
Is ((-15)/9 - -2)/((-77)/(-5876409)) prime?
True
Let d = 4 - -3. Suppose -428 = 3*q - d*q. Suppose 3*p + 53 = 3*y + 4*p, 0 = -5*y + 3*p + q. Is y a prime number?
True
Suppose -7*u - 25*u = -29344. Is u a composite number?
True
Suppose 9*p - 438 = 7*p. Let w be 117/7 - (-6)/21. Suppose -w = 3*l - 4*v - 251, 3*l - p = -v. Is l a prime number?
False
Let t = -2655 + 4164. Is t a composite number?
True
Suppose 0 = -x + 4*x - 66. Suppose x = q + 2. Is (-3015)/(-12) + (-5)/q composite?
False
Let w(z) = 1824*z - 7. Let n be w(3). Suppose 2*g - 4*r = 3654, 3*r = -3*g + r + n. Is g prime?
True
Suppose 5 = 5*r - 5. Let o be ((-14)/6 + r)*-12. Suppose -5*f + 2*i = -1061, o*f - i = 3*i + 856. Is f prime?
True
Let q = -23 - -30. Let b(m) = 2*m**3 - 7*m**2 - 15*m + 16. Is b(q) prime?
False
Let p(l) = l**3 + l + 2. Let g be p(0). Suppose 0 = -g*x - 7*x + 711. Is x a prime number?
True
Let v be 8 + (4/(-1))/4. Suppose 1573 + v = 4*i. Is i composite?
True
Let j(q) = -3*q. Let b be j(1). Let p be b/(-5) - (-24)/10. Suppose 0 = -p*a - 3 + 114. Is a prime?
True
Suppose -5*b + 108 = -2*x + 25, -4*x - 193 = -b. Is (164 + -1)/((-7)/x) a composite number?
True
Suppose 5*z - 91254 = -4*w - 12405, -5*z = w - 19701. Suppose -d - d = -w. Is d/42 - 2/(-7) composite?
True
Let k be 9/(0 - (-12)/(-8)). Let v(q) = q**3 + 6*q**2 - 3*q. Let w be v(k). Let r = w + -14. Is r a prime number?
False
Suppose 2*z + 21*b - 46862 = 17*b, -2*z = -3*b - 46883. Is z a prime number?
False
Suppose -3*y + 30 = -24. Suppose 5*i = -2*u + y, 2*i = -u - 3 + 11. Suppose -840 - 698 = -i*f. Is f composite?
False
Suppose 0 = 2*b + b - 39. Let q(d) = 30*d + 7. Is q(b) a composite number?
False
Suppose -38 = -5*j - 3*w, -5*j + 32 = -w - 2*w. Suppose 0 = -j*h + 16050 - 5249. Is h composite?
False
Let v = 25763 + -13305. Is v composite?
True
Suppose 2246 = 3*k - 3112. Suppose -4*b - 3773 = -5*i + k, i - 4*b = 1099. Suppose 0*x + i = 5*x. Is x a composite number?
False
Let r(a) be the third derivative of a**5/60 - a**4/24 + a**3/2 + 16*a**2. Let l(y) = y**3 - y**2 + y - 1. Let h be l(2). Is r(h) a composite number?
False
Let p(x) = -x. Let d(b) = 55*b - 1. Let h(s) = d(s) - 4*p(s). Let m(n) = -n**2 + 4*n - 3. Let t be m(2). Is h(t) a prime number?
False
Let m(s) = s**3 - 7*s**2 + 37*s - 4. Is m(15) a prime number?
True
Suppose 0*x - 7036 = -4*x. Let c = x + -1206. Is c prime?
False
Let v(g) = 745*g**2 - 3*g - 6. Let n be v(-2). Suppose -5*s = -5*p + n, -3*p + 1794 = -0*p - s. Let d = 1248 - p. Is d composite?
True
Is 262717/21 - (16/6)/(-4) a composite number?
False
Suppose l - 3*a + 22 = 0, 0 = 4*l + 5*a + 3. Let p = 0 - l. Suppose 3*n - p*n = -1468. Is n a composite number?
False
Suppose 4*x + 29 = -d, -3*d + 7 = -x + 16. Let m be (14/(-6))/((-2)/x). Let g(y) = -19*y + 1. Is g(m) a prime number?
False
Let x(p) = -363*p - 1. Let u be (-4)/(-22) + ((-816)/66)/2. Is x(u) composite?
True
Is ((-54)/12 + 5)/((-1)/(-12674)) composite?
False
Let r = 11 - -157. Let l = 251 + r. Is l a composite number?
False
Suppose 8*h + 15389 = 143717. Is h composite?
True
Let f = -3716 - -2170. Let z = f - -3237. Is z a composite number?
True
Let z(t) = -t**3 + 11*t**2 + 10*t + 20. Let j be z(12). Let f(u) = -1065*u + 11. Is f(j) composite?
False
Let s(w) = 2*w**3 - 43*w**2 + 19*w + 45. Let d be s(21). Let k(z) = 33*z - 7 + 121*z - 36*z. Is k(d) prime?
True
Let b = 21 - 16. Suppose -b*r + 3*r + 164 = 0. Is r prime?
False
Let u = 72 + -70. Suppose -i + 444 = 5*n, 280 - 1243 = -u*i + 5*n. Is i a prime number?
False
Suppose -2*c + 3 = -1. Suppose 13 = u - x + 5, -10 = -c*u - x. Suppose -115 = -g - u. Is g a prime number?
True
Let s = 52356 - 36134. Suppose s = 5*g - 4998. Suppose -m + g = 3*m. Is m composite?
False
Suppose -5*t - 5*k + 79765 = -3*k, 3*k = -15. Is t a composite number?
True
Let n(z) = 6*z**2 + 5*z. Let d be n(4). Suppose -5*h + 10 = -3*h. Suppose h*f + m = 4*m + 290, -2*f + m + d = 0. Is f a composite number?
True
Suppose 4*n - 3*j = 10, -2*n = -0*n + 4*j - 16. Let x = 70 + -70. Suppose n*a = -l + 279, -2*a + 4*l = -x*a - 126. Is a a prime number?
False
Suppose -2*h = -4*k + 208, -261 = -5*k + 5*h - 2*h. Let a(r) = 2*r - 3. Let d be a(4). Suppose 0 = d*m - k - 59. Is m prime?
False
Suppose 5*r = 5*o + 100, 5*r + 4 = 4*r - 5*o. Suppose 12*h - r*h = -8716. Is h composite?
False
Let d = 51 + -20. Let g = d + -126. Let w = 178 + g. Is w composite?
False
Let w = 327 + 165. Let c = -54 + w. Suppose 4*m = 5*p - 0*m - 2219, -p - 5*m + c = 0. Is p a prime number?
True
Let z(c) = 132*c**3 + 6*c**2 - 3*c + 8. Let x be z(4). Suppose -2*n = -5*k - x, 5*n - 8528 = 3*n - k. Is n composite?
True
Let u(i) = i**3 + 17*i**2 - 6*i - 6. Let y be u(-17). Suppose -k - 4*x = y - 1607, 3*x - 4569 = -3*k. Is k a prime number?
False
Suppose 4*f = 2*a + 410, 3*a + 5*f - 412 = 5*a. Let u = a + 494. Is u prime?
True
Let x(l) = -l**3 - l**2 + 42. Let u be x(0). Suppose -2*g = 2*y - 4*g - 104, -y - 4*g + u = 0. Let c = y + -28. Is c a prime number?
False
Is 4/((-32)/204008*-7) a composite number?
False
Suppose 267 + 477 = -h. Let c = 1126 + h. Is c a prime number?
False
Is -38*((-3)/(-12))/((-6)/6492) a composite number?
True
Suppose u - 53 = -5*y, y + y = -3*u + 29. Let z = 165 - y. Let q = z + -42. Is q a composite number?
False
Suppose x - 5*j = -2*j, -4*x + 15 = 3*j. Let f(s) = s**3 - s**2 - 28*s + 58. Let c be f(2). Suppose -x*q = -c*q + 669. Is q prime?
True
Suppose 4*o = -2*q + 26, 4*o - 4*q - 11 = -3*q. Let c = 182 + 4. Suppose -c = -3*b - 4*a, -b - o*a + a = -67. Is b a prime number?
False
Let g(o) = 18*o**3 + 18*o + 4. Let d be g(-5). Let b = d + 4285. Is b a composite number?
False
Let u(h) = 17*h**2 - h + 15. Let z be u(-8). Suppose -1413 = -4*p + z. Is p composite?
False
Suppose 2*k = 5*k - 1638. Let l = k - 5. Is l prime?
True
Let l = 102944 + 3015. Is l prime?
False
Let d(p) = p**3 - 8*p**2 + 2. Let o be (-3 - -7)*1*2. Let a be d(o). Is (a/3)/((-10)/(-4425)) composite?
True
Let b = 17013 + 11866. Is b a prime number?
True
Let p be (-2*23)/(9/(-378)). Suppose p = -j + 3*j. Suppose 0*u - k = -2*u + j, 2*u - 2*k = 962. Is u a prime number?
False
Suppose 4*o - 243433 = u, 4*u - 7*u + 9 = 0. Is o composite?
False
Suppose -5*m = 4*t - 53588, 0 = -2*t - 4*m - 0*m + 26794. Is t composite?
False
Let m = -32 - -84. Suppose 0 = -48*h + m*h - 5048. Is h composite?
True
Let s = 1199 + 30. Is s a composite number?
False
Suppose -m = -29 + 10. Let a = m + -16. Suppose 2*t - a*u = 252, u + 0*u = -2. Is t prime?
False
Let v(l) = 16*l**2 + 11*l - 13. Suppose 4*h = 7*h - 24. Is v(h) composite?
True
Suppose 0 = -5*q + 2 + 23. Suppose c = -3*j - 204 + 575, 1790 = q*c + 2*j. Is (5 + -3 - 3) + c a composite number?
True
Suppose -40497 = -5*b - 2*q, 5*b - 40485 = -65*q + 60*q. Is b composite?
False
Let k(r) = 4*r**2 + 13*r + 29. Suppose c = -2*c - 36. Is k(c) composite?
False
Is (1 + (-1)/2)/(218/6063452) a prime number?
True
Let g be (-548)/20 + (-3)/5. Let p = 16 + g. Is ((-7)/2)/(p/552) composite?
True
Let c be 42/15 - (-1)/5. Suppose -c*z = 3*x - x - 6, 3*z = 5*x + 6. Suppose x = -3*o + 5*o - 1754. Is o a composite number?
False
Let z be 1/(2/(-12))*1. Suppose -w = 2*w - 51. Let o = w + z. Is o prime?
True
Let s(n) = 23 + 9*n**2 - 3 - 3 + 17*n. Is s(-11) a prime number?
True
Let p(a) = -1. Let l(h) = -30*h + 7. Let k(r) = -l(r) - 4*p(r). Let v be k(-10). Is (v/(-2))/(9/30) prime?
False
Suppose 272 - 2202 = -2*k. Suppose -i = -3*j - 313, -2*j = 3*i + 2*j - k. Is i a prime number?
False
Suppose -4*v = v - 6675. Suppose -9*